 0 + 0 + g**2 + 6*g. What is u(-5)?
-8
Let s be ((-26)/(-8))/((-1)/4). Let z(b) = 15*b**2 + 5*b - 4. Let l(v) = 7*v**2 + 2*v - 2. Let x(j) = s*l(j) + 6*z(j). Calculate x(6).
-10
Let u(b) = 3 + 6*b + 3 - 5. Let v = -11 - -16. Suppose f - 6*f + v = 0. Determine u(f).
7
Let l(d) be the second derivative of 0 + 5*d - 2*d**2 + 1/12*d**4 + 1/2*d**3. Determine l(-5).
6
Let l(n) = -5*n**3 + n**2 - 6*n - 2. Let x(b) = 0 - 14*b**3 - 6 - 18*b - 3*b**2 + 5*b**2. Let t(u) = -17*l(u) + 6*x(u). Determine t(6).
-2
Suppose -4*a = 5*p + 16, -4*a + 4 = 2*p - 5*a. Let d(m) = p*m + 1 - m + 5 - 5. Give d(1).
0
Let s(j) = 14*j**3 - 9*j**2 + 6*j. Let y(k) = -5*k**3 + 3*k**2 - 2*k. Let d = -19 - -36. Let h be 6/(-5)*-5*1. Let u(r) = d*y(r) + h*s(r). Calculate u(-3).
-6
Let k(t) be the first derivative of t**2/2 + t + 5. Let z(x) = -6*x - 3. Let y(s) = -5*k(s) - z(s). Calculate y(5).
3
Let c be -1*1*(-2 + 1). Let p(l) = 1 + 0 + c - 4*l. Give p(2).
-6
Let j(c) = 6*c**2 + 2*c + 1. Suppose -6*i + 3*i - 18 = 0. Let x be (-88)/i - 8/12. Suppose 0 = -5*r - 5*k + 15 - 35, -r + 5*k + x = 0. Give j(r).
5
Let p(a) = a**3 - a**2 + a + 1. Let v(w) = -2 - 3*w**3 + 2*w**3 - 3*w**3 + w. Let i(k) = -3*p(k) - v(k). Calculate i(-4).
-1
Suppose -k + 0*k = -12. Let t(g) = -16 - g + k - 8. Give t(-6).
-6
Let h(u) = u**2 - 5. Let p(k) = k**2 + k - 6. Let c(y) = -5*h(y) + 4*p(y). Give c(7).
-20
Let i(l) = -3*l**2 + l**2 + 3*l + l**2 + 4 - 1. Give i(5).
-7
Let u(t) = -t**2 - t - 1. Suppose 0 = -2*k + 4*x - 24, 5*k - x + 49 = -2*x. Let q = k - -16. Let i = -6 + q. What is u(i)?
-1
Suppose 3*y - 11 = 2*y. Suppose -7*g = -y*g + 4. Let u(x) = 9*x**3 - 1. What is u(g)?
8
Let y(f) = f + 2. Let a be (-6)/(-3) - (-35)/(-5). Give y(a).
-3
Suppose 0 = 2*a - 2*f - 38, 0 = 2*a + 3*f - 26 - 27. Suppose 3*c - 5*v + a = -19, 4 = 4*v. Let w be (2 - 5)*(-4)/c. Let l(z) = 10*z + 1. Determine l(w).
-9
Let l(q) = 8*q - 2. Let h(o) = 9*o - 1. Let n(k) = -3*h(k) + 2*l(k). Calculate n(1).
-12
Let o(z) = z**2 + 2*z + 1. Let u be o(-3). Let m(l) be the third derivative of -1/6*l**u + l**2 - 1/120*l**6 + 0*l - 1/15*l**5 + 0*l**3 + 0. Determine m(-3).
3
Let n be (55/44)/((-2)/8). Let q(y) = 7*y - 1. Let m(p) = -15*p + 2. Let a(k) = 6*m(k) + 13*q(k). Let u(l) = l - 1. Let s(d) = 2*a(d) - u(d). What is s(n)?
-6
Let n(u) = -u**2 - 5*u + 2. Let l = 11 + -10. Let y(j) be the third derivative of -j**6/30 - j**5/60 + j**3/6 - j**2. Let v be y(l). Determine n(v).
6
Let t(p) = -5*p + 3. Let a(z) = 2*z - 10. Let g be a(6). Calculate t(g).
-7
Let m(l) = -1. Let s(r) = r - 11. Let v(a) = 4*m(a) - s(a). What is v(6)?
1
Suppose -5*z - 5 = -5*f, -2*z = -f + 1 + 5. Suppose 5*q + 9 + 1 = 0. Let l be z*(-9)/(-30)*q. Let h(i) = i - 4. What is h(l)?
-1
Let l(w) = -2*w + 22. Let q(f) = f - 7. Let c(r) = -3*l(r) - 8*q(r). Give c(7).
-24
Let v be (-2)/(-5) - (-135)/(-25). Let m(p) be the third derivative of p**5/60 + 7*p**4/24 + p**3/3 - 3*p**2. Calculate m(v).
-8
Let b(o) be the second derivative of o**7/2520 + o**6/120 + o**5/120 + o**4/3 + 4*o. Let w(t) be the third derivative of b(t). Determine w(-5).
-4
Let u(h) be the third derivative of h**4/24 + h**3/3 + 13*h**2. Let i = 1 - 1. What is u(i)?
2
Let w(b) = -b**2 + 2*b - 5. Let p = -118 - -122. Determine w(p).
-13
Let l(x) = -x**3 - 11*x**2 - 12*x - 21. Let o be l(-10). Let u(r) be the third derivative of r**6/24 + r**5/30 + r**4/24 - r**2. Calculate u(o).
-4
Let q(s) be the first derivative of s**6/120 - s**5/20 - s**4/8 + s**3/3 - s**2 + 4. Let i(t) be the second derivative of q(t). Determine i(4).
6
Suppose 2*a - 4*a + 6 = 0. Let q(u) = -4 - 5 + 2*u - a*u + 2 - u**2. What is q(0)?
-7
Let y(c) = -c**3 - 2*c**2 - 2*c + 2. Let l = 10 + -5. Let o(p) = -p**2 - p + 3. Let a be o(0). Let u be l/(-3) - a/9. What is y(u)?
6
Let q(f) = -2*f - 2*f + 6*f - 3*f + 7. Let d(w) = -w + 2. Let a be d(-3). Suppose 4*p - 2*m = 8*p + 2, a*m + 5 = 5*p. Calculate q(p).
7
Suppose 5 = -3*c + 8. Let p(l) = -5*l + 13*l - 5*l + c. What is p(-3)?
-8
Let g = 0 + 3. Let t(q) = -g + 1 + 0*q + q - 2*q. Determine t(3).
-5
Let m(t) be the first derivative of 3*t + 2 + t**3 + 1/2*t**4 + t**2. Let j be 8/(0 + -4) - 0. What is m(j)?
-5
Let v be (16/4)/(-3 + 1) + -3. Let a(b) = -b**2 - 6*b - 1. Determine a(v).
4
Let v(m) = m. Suppose 0 = -0*w - 3*w + 9. Suppose w*c + 0 = 9. Calculate v(c).
3
Let k(r) = 4*r. Suppose -3*g - 2*g = -5. Determine k(g).
4
Let g = -5 - -8. Suppose -2*h + h + w = 0, -5*h + g*w + 4 = 0. Let b(f) = 2*f + 2*f**h - 4*f**2 - f. Calculate b(1).
-1
Let c(a) = 13*a. Suppose 5*m = -n + 4, -n - 1 = 2*n + 2*m. What is c(n)?
-13
Suppose 4*q = 0, 2*u + 0*u - q = 8. Let w(t) = -t**2 + t + 5. Give w(u).
-7
Let b be 3 + (3 - (0 + 6)). Let j(l) = -l - 4. Calculate j(b).
-4
Let m be 1/(-2)*(-10 + -4). Let j = -5 + m. Let r(s) = -2 - 3*s - j*s + 4*s. Give r(2).
-4
Let c(z) = -z**3 - 3*z**2. Let p = 9 + -12. Calculate c(p).
0
Let z(f) = 6*f**2 + 6*f - 4*f**3 + 3*f**3 + 2*f**3 + 4. Suppose 0 = -4*q + 2*s + 7 + 3, 0 = q + 5*s - 19. Suppose -10 = -q*g + 6*g. What is z(g)?
-1
Let q(j) = 7*j + 3. Let i(l) = -9*l - 3. Let v(n) = -4*i(n) - 5*q(n). What is v(6)?
3
Let o(g) be the second derivative of -g**5/20 + 5*g**4/12 + g**3/6 + g**2 + 12*g. Let h(l) = l**3 + 7*l**2 + 4*l - 7. Let w be h(-6). Give o(w).
7
Let t be -1*5/((-5)/4). Let n(h) = h**2 - 5*h + 1. What is n(t)?
-3
Let h(c) = -c - 2. Let a = -39 + 43. What is h(a)?
-6
Let j(c) = c**3 + 3*c**2 + 2*c + 2. Suppose 7*d - 6*d + 2 = 0. What is j(d)?
2
Let o(a) = 3*a + 2. Let t(f) = -f - 1. Let z(h) = -3*o(h) - 8*t(h). Let m(y) = 6*y**2 - y - 1. Let g be m(-1). Suppose g = 5*u - 3*u. What is z(u)?
-1
Let b(p) = p**2 + p + 2. Let a be b(0). Let q be (-7)/(-2) - (-3)/(-6). Let n(v) = -3 + 6*v - 2 - 4*v**2 + q*v**a. What is n(4)?
3
Let d(k) = k + 6. Let u be d(3). Let t(l) = -l**3 + 8*l**2 + 8*l + 6. Determine t(u).
-3
Let k(a) = -7*a + 13. Let h(j) = 3*j - 6. Let t(i) = 5*h(i) + 2*k(i). Determine t(-4).
-8
Let p(f) be the third derivative of -3*f**2 + 0*f + 0 - 1/3*f**4 - 1/6*f**3. Determine p(1).
-9
Let f(l) = 4 + l**2 - 33*l + 38*l + 0. Let z be (-1 + 1 + 0)/2. Let j = z + -4. Give f(j).
0
Let l(y) = 5*y**2 + y. Let w be l(1). Let u(g) = -4*g + w*g - 3 - 5*g. What is u(-3)?
6
Let i be ((-80)/15)/((-4)/6). Let m be (-2)/i + 49/(-28). Let n(h) = 2*h**2 + 2*h + 1. What is n(m)?
5
Suppose -o + 1 = -2*x + 4*x, 4*x = 3*o + 17. Let f(m) = -3 - 4 + m**3 + 4*m - 3*m + 3 + 6*m**x. Determine f(-6).
-10
Let a(u) be the third derivative of u**5/60 + 7*u**4/24 + u**3 - 2*u**2. Suppose -p = -2*p - 4. Let o = 0 + p. What is a(o)?
-6
Let s(a) = 2*a**2 + 14*a - 15. Let j(v) = -v**2 - v + 1. Let k(b) = 3*j(b) + s(b). Give k(9).
6
Let f(z) = z**2 + z + 1. Let n = 23 - 23. What is f(n)?
1
Let k be (-6)/(-1 + (-2)/(-1)). Let m(v) = v**3 + 10*v**2 - 5*v + 5. Let d(z) = z**3 + 9*z**2 - 5*z + 5. Let o(f) = -5*d(f) + 4*m(f). Calculate o(k).
1
Let j(q) = -q**2 + 8*q + 5. Let g be j(8). Suppose -v = 4*d - 0*d - 4, g*d - 20 = -5*v. Let h(x) = x**3 + x**2 + x + v*x**3 - 1 - 4*x**3. Determine h(0).
-1
Let r(a) = -2*a - 47 + a + 45. Give r(-5).
3
Let s(o) = 2*o**2 - 4*o + 1. Suppose -3*x + 4*m = -29, -5*x + 3*m - m + 25 = 0. Calculate s(x).
7
Let x be -5 + 3 + 4 - -1. Let u(z) be the first derivative of z**5/30 - 5*z**4/24 + 2*z**3/3 + z**2 + 3. Let d(c) be the second derivative of u(c). Give d(x).
7
Let r(i) = 4*i + 0 + 11 + 2*i - 5*i. Calculate r(-7).
4
Let g(u) = -u**3 + 5*u**2 + 2*u - 5. Let p(z) = 7*z**2 - z + 7. Let h(m) = 8*m**2 - m + 8. Let b(n) = 6*h(n) - 7*p(n). Let x(s) = b(s) + g(s). Determine x(4).
6
Let q(p) = 20*p**2. Let j = -105 - -106. Determine q(j).
20
Let d(v) = v**2 + 10*v + 12. Suppose 42 + 16 = -5*y + 4*x, 5*x - 50 = 4*y. Give d(y).
12
Let f(y) = -y - 13 + 24 + 3 - 4. What is f(9)?
1
Let y = -103 + 102. Let u(l) = -19*l**2 - l. Give u(y).
-18
Let r = 5 + 1. Suppose -2*a + r*a - 5*v + 6 = 0, -3*v = 2*a - 8. Let t(n) = 8*n + 1. Determine t(a).
9
Let m(p) = 0*p - 2 - p + 3*p + 9. Let h be m(-5). Let u(y) = -y**2 - 2*y. What is u(h)?
-3
Let g(b) = b**3 - b**2 + 3*b - 2. Let r be g(2). Let l = r - 5. Let i(o) = 2*o**3 - 3*o**2 + o**3 - 2*o**3. What is i(l)?
0
Let w(v) = -v**3 + 5*v**2 + 4*v - 1. Let r be 2/(-6) - (-418)/66. Give w(r).
-13
Let p(a) = -4*a**2 + 1. Let c be -5*(-9)